{"id":181,"date":"2023-05-20T15:08:36","date_gmt":"2023-05-20T18:08:36","guid":{"rendered":"https:\/\/conceitoservico.com.br\/?page_id=181"},"modified":"2023-06-05T21:49:02","modified_gmt":"2023-06-06T00:49:02","slug":"nr-11-operador-de-empilhadeira","status":"publish","type":"page","link":"https:\/\/conceitoservico.com.br\/?page_id=181","title":{"rendered":"NR 11- Operador de Empilhadeira"},"content":{"rendered":"\n<h5 class=\"wp-block-heading has-text-align-center\">A atividade de prepara\u00e7\u00e3o, organiza\u00e7\u00e3o e movimenta\u00e7\u00e3o de cargas por meio da utiliza\u00e7\u00e3o de uma empilhadeira tr\u00e1s diversos riscos para quem a opera. <\/h5>\n\n\n\n<h5 class=\"wp-block-heading has-text-align-center\">Neste contexto, faz-se necess\u00e1ria a forma\u00e7\u00e3o e o aperfei\u00e7oamento das habilidades psicomotoras de quem realiza atividades utilizando a Empilhadeira. <\/h5>\n\n\n\n<h5 class=\"wp-block-heading has-text-align-center\">Assim, o curso de forma\u00e7\u00e3o de Operador de Empilhadeira tem como objetivo desenvolver as compet\u00eancias necess\u00e1rias para a opera\u00e7\u00e3o segura de empilhadeiras, conforme a Norma Regulamentadora 11 da Portaria 3214\/1978. <\/h5>\n\n\n\n<h5 class=\"wp-block-heading has-text-align-center\">Ao final deste treinamento, voc\u00ea ter\u00e1 as habilidades necess\u00e1rias para desenvolver atividades que envolvam a opera\u00e7\u00e3o de empilhadeira.<\/h5>\n\n\n\n<hr class=\"wp-block-separator has-alpha-channel-opacity\"\/>\n\n\n\n<ul>\n<li><\/li>\n<\/ul>\n\n\n\n<ol>\n                <li> Introdu\u00e7\u00e3o <\/li>\n                <li> Disposi\u00e7\u00f5es da Nr 11 <\/li>\n                <li> O Que \u00e9 Empilhadeira <\/li>\n                <li> Acidente de Trabalho <\/li>\n                <li> Prescri\u00e7\u00f5es para Utiliza\u00e7\u00e3o de Empilhadeira <\/li>\n                <li> Diagrama de Carga (Capacidade de Carga, Centro de Gravidade, Altura de Eleva\u00e7\u00e3o) <\/li>\n                <li> O Equilibrio da Empilhadeira <\/li>\n                <li> No\u00e7\u00f5es Sobre Indicadores do Painel da Empilhadeira <\/li>\n                <li> Regras de Seguran\u00e7a e Instru\u00e7\u00f5es Sobre o Equipamento (Empilhadeira) <\/li>\n                <li> Regras Gerais Para Sair com a Empilhadeira <\/li>\n                <li> Regras de Empilhamento, Transporte e Armazenamento de Cargas <\/li>\n                <li> Opera\u00e7\u00e3o <\/li>\n                <li> Carga e Descarga de Caminh\u00f5es <\/li>\n                <li> Inspe\u00e7\u00e3o de Seguran\u00e7a <\/li>\n                <li> Medidas de Controle <\/li>\n                <li> Equipamento de Prote\u00e7\u00e3o Coletiva <\/li>\n                <li> Medidas Administrativas <\/li>\n                <li> Medidas M\u00e9dicas <\/li>\n                <li> Medidas Educativas <\/li> \n                <li> Medidas Psicol\u00f3gicas <\/li>\n                <li> Equipamento de Prote\u00e7\u00e3o Individual- EPI <\/li>\n                <li> Refer\u00eancias Bibliogr\u00e1ficas <\/li>\n            <\/ol>\n\n\n\n<div class=\"wp-block-buttons is-content-justification-right is-layout-flex wp-container-core-buttons-layout-1 wp-block-buttons-is-layout-flex\">\n<div class=\"wp-block-button\"><a class=\"wp-block-button__link wp-element-button\" href=\"https:\/\/conceitoservico.com.br\/?page_id=237\">Inscrever-se<\/a><\/div>\n<\/div>\n","protected":false},"excerpt":{"rendered":"<p>A atividade de prepara\u00e7\u00e3o, organiza\u00e7\u00e3o e movimenta\u00e7\u00e3o de cargas por meio da utiliza\u00e7\u00e3o de uma empilhadeira tr\u00e1s diversos riscos para quem a opera. Neste contexto, faz-se necess\u00e1ria a forma\u00e7\u00e3o e o aperfei\u00e7oamento das habilidades psicomotoras de quem realiza atividades utilizando a Empilhadeira. Assim, o curso de forma\u00e7\u00e3o de Operador de Empilhadeira tem como objetivo desenvolver [&hellip;]<\/p>\n","protected":false},"author":1,"featured_media":0,"parent":0,"menu_order":0,"comment_status":"closed","ping_status":"closed","template":"","meta":{"om_disable_all_campaigns":false,"_uf_show_specific_survey":0,"_uf_disable_surveys":false,"footnotes":""},"aioseo_notices":[],"_links":{"self":[{"href":"https:\/\/conceitoservico.com.br\/index.php?rest_route=\/wp\/v2\/pages\/181"}],"collection":[{"href":"https:\/\/conceitoservico.com.br\/index.php?rest_route=\/wp\/v2\/pages"}],"about":[{"href":"https:\/\/conceitoservico.com.br\/index.php?rest_route=\/wp\/v2\/types\/page"}],"author":[{"embeddable":true,"href":"https:\/\/conceitoservico.com.br\/index.php?rest_route=\/wp\/v2\/users\/1"}],"replies":[{"embeddable":true,"href":"https:\/\/conceitoservico.com.br\/index.php?rest_route=%2Fwp%2Fv2%2Fcomments&post=181"}],"version-history":[{"count":2,"href":"https:\/\/conceitoservico.com.br\/index.php?rest_route=\/wp\/v2\/pages\/181\/revisions"}],"predecessor-version":[{"id":248,"href":"https:\/\/conceitoservico.com.br\/index.php?rest_route=\/wp\/v2\/pages\/181\/revisions\/248"}],"wp:attachment":[{"href":"https:\/\/conceitoservico.com.br\/index.php?rest_route=%2Fwp%2Fv2%2Fmedia&parent=181"}],"curies":[{"name":"wp","href":"https:\/\/api.w.org\/{rel}","templated":true}]}}