{"id":208,"date":"2023-05-20T16:41:13","date_gmt":"2023-05-20T19:41:13","guid":{"rendered":"https:\/\/conceitoservico.com.br\/?page_id=208"},"modified":"2023-06-05T21:44:42","modified_gmt":"2023-06-06T00:44:42","slug":"formacao-e-reciclagem-nr-35-trabalho-em-altura","status":"publish","type":"page","link":"https:\/\/conceitoservico.com.br\/?page_id=208","title":{"rendered":"FORMA\u00c7\u00c3O E RECICLAGEM &#8211; NR 35 &#8211; TRABALHO EM ALTURA"},"content":{"rendered":"\n<h5 class=\"wp-block-heading has-text-align-center\">A Comiss\u00e3o Interna de Preven\u00e7\u00e3o de Acidentes garante a aplicabilidade da gest\u00e3o de seguran\u00e7a na empresa. Mant\u00ea-la em perfeito funcionamento, provendo os subs\u00eddios necess\u00e1rios para que a comiss\u00e3o desempenhe as suas atribui\u00e7\u00f5es, \u00e9 a garantia da minimiza\u00e7\u00e3o de acidentes do trabalho e consequente aumento da qualidade de vida no ambiente laboral e aumento da produtividade. <\/h5>\n\n\n\n<h5 class=\"wp-block-heading has-text-align-center\">Todos os requisitos para a constitui\u00e7\u00e3o, organiza\u00e7\u00e3o e funcionamento da CIPA\/CIPATR s\u00e3o estabelecidos na Norma Regulamentadora 5 e 31 da Portaria 3214\/1978.<\/h5>\n\n\n\n<hr class=\"wp-block-separator has-alpha-channel-opacity\"\/>\n\n\n\n<ol>\n                <li> INTRODU\u00c7\u00c3O SOBRE A NR 35<\/li>\n                <li> PLANEJAMENTO, ORGANIZA\u00c7\u00c3O E EXECU\u00c7\u00c3O<\/li>\n                <li> ACIDENTES T\u00cdPICOS: TRABALHO EM ALTURA<\/li>\n                <li> RISCOS INERENTES AO TRABALHO EM ALTURA<\/li>\n                <li> MEDIDAS DE PROTE\u00c7\u00c3O CONTRA QUEDAS EM ALTURA<\/li>\n                <li> AN\u00c1LISE DE RISCO<\/li>\n                <li> PERMISS\u00c3O DE TRABALHO &#8211; PT<\/li>\n                <li> EMERG\u00caNCIA E SALVAMENTO<\/li>\n                <li> PRIMEIROS SOCORROS<\/li>\n            <\/ol>\n\n\n\n<div class=\"wp-block-buttons is-content-justification-right is-layout-flex wp-container-core-buttons-layout-1 wp-block-buttons-is-layout-flex\">\n<div class=\"wp-block-button has-custom-width wp-block-button__width-25\"><a class=\"wp-block-button__link has-text-align-center wp-element-button\" href=\"https:\/\/conceitoservico.com.br\/?page_id=237\">Inscrever-se<\/a><\/div>\n<\/div>\n","protected":false},"excerpt":{"rendered":"<p>A Comiss\u00e3o Interna de Preven\u00e7\u00e3o de Acidentes garante a aplicabilidade da gest\u00e3o de seguran\u00e7a na empresa. Mant\u00ea-la em perfeito funcionamento, provendo os subs\u00eddios necess\u00e1rios para que a comiss\u00e3o desempenhe as suas atribui\u00e7\u00f5es, \u00e9 a garantia da minimiza\u00e7\u00e3o de acidentes do trabalho e consequente aumento da qualidade de vida no ambiente laboral e aumento da produtividade. [&hellip;]<\/p>\n","protected":false},"author":1,"featured_media":0,"parent":0,"menu_order":0,"comment_status":"closed","ping_status":"closed","template":"","meta":{"om_disable_all_campaigns":false,"_uf_show_specific_survey":0,"_uf_disable_surveys":false,"footnotes":""},"aioseo_notices":[],"_links":{"self":[{"href":"https:\/\/conceitoservico.com.br\/index.php?rest_route=\/wp\/v2\/pages\/208"}],"collection":[{"href":"https:\/\/conceitoservico.com.br\/index.php?rest_route=\/wp\/v2\/pages"}],"about":[{"href":"https:\/\/conceitoservico.com.br\/index.php?rest_route=\/wp\/v2\/types\/page"}],"author":[{"embeddable":true,"href":"https:\/\/conceitoservico.com.br\/index.php?rest_route=\/wp\/v2\/users\/1"}],"replies":[{"embeddable":true,"href":"https:\/\/conceitoservico.com.br\/index.php?rest_route=%2Fwp%2Fv2%2Fcomments&post=208"}],"version-history":[{"count":2,"href":"https:\/\/conceitoservico.com.br\/index.php?rest_route=\/wp\/v2\/pages\/208\/revisions"}],"predecessor-version":[{"id":243,"href":"https:\/\/conceitoservico.com.br\/index.php?rest_route=\/wp\/v2\/pages\/208\/revisions\/243"}],"wp:attachment":[{"href":"https:\/\/conceitoservico.com.br\/index.php?rest_route=%2Fwp%2Fv2%2Fmedia&parent=208"}],"curies":[{"name":"wp","href":"https:\/\/api.w.org\/{rel}","templated":true}]}}