{"id":434,"date":"2023-08-28T13:29:25","date_gmt":"2023-08-28T16:29:25","guid":{"rendered":"https:\/\/conceitoservico.com.br\/?page_id=434"},"modified":"2023-08-28T13:38:48","modified_gmt":"2023-08-28T16:38:48","slug":"nr-34-seguranca-e-saude-no-trabalho-naval","status":"publish","type":"page","link":"https:\/\/conceitoservico.com.br\/?page_id=434","title":{"rendered":"NR 34 &#8211; SEGURAN\u00c7A E SA\u00daDE NO TRABALHO NAVAL"},"content":{"rendered":"\n<p><\/p>\n\n\n\n<h5 class=\"has-text-align-center\"><strong>A Norma Regulamentadora 34 (NR34) \u00e9 uma legisla\u00e7\u00e3o brasileira voltada para a seguran\u00e7a e sa\u00fade no trabalho na ind\u00fastria de constru\u00e7\u00e3o naval, repara\u00e7\u00e3o naval e offshore. Para quem estuda essa norma, ela oferece um entendimento profundo das medidas de seguran\u00e7a necess\u00e1rias, preven\u00e7\u00e3o de acidentes, prote\u00e7\u00e3o da sa\u00fade ocupacional, conformidade legal, melhoria da gest\u00e3o de seguran\u00e7a e valoriza\u00e7\u00e3o profissional. O estudo da NR34 capacita profissionais a criar ambientes de trabalho mais seguros e contribui para a conformidade legal e o bem-estar dos trabalhadores.<\/strong><\/h5>\n\n\n\n<ol>\n    <li>NORMA REGULAMENTORA 34<\/li>\n    <li>RISCOS OCUPACIONAIS<\/li>\n    <li>MEDIDAS DE CONTROLE<\/li>\n    <li>EQUIPAMENTO DE PROTE\u00c7\u00c3O COLETIVA<\/li>\n    <li>MEDIDAS ADMINISTRATIVAS<\/li>\n    <li> MEDIDAS M\u00c9DICAS<\/li>\n    <li>MEDIDAS EDUCATIVAS<\/li>\n    <li>MEDIDAS PSICOL\u00d3GICAS<\/li>\n    <li>EQUIPAMENTO DE PROTE\u00c7\u00c3O INDIVIDUAL- EPI<\/li>\n    <li>PROTE\u00c7\u00c3O DA CABE\u00c7A<\/li>\n    <li>PROTE\u00c7\u00c3O DOS OLHOS E FACE<\/li>\n    <li>PROTE\u00c7\u00c3O AUDITIVA<\/li>\n    <li>PROTE\u00c7\u00c3O AUDITIVA<\/li>\n    <li>PROTE\u00c7\u00c3O DAS VIAS RESPIRAT\u00d3RIAS<\/li>\n    <li>PROTE\u00c7\u00c3O DO TRONCO<\/li>\n    <li>PROTE\u00c7\u00c3O DOS MEMBROS SUPERIORES<\/li>\n    <li>PROTE\u00c7\u00c3O DOS MEMBROS SUPERIORES<\/li>\n    <li>PROTE\u00c7\u00c3O DE CORPO INTEIRO<\/li>\n    <li>PROTE\u00c7\u00c3O CONTRA QUEDAS COM DIFEREN\u00c7A DE N\u00cdVEL<\/li>\n    <li>ACIDENTE DE TRABALHO<\/li>\n<\/ol>\n\n\n\n<div class=\"wp-block-buttons is-content-justification-right is-layout-flex wp-container-core-buttons-layout-1 wp-block-buttons-is-layout-flex\">\n<div class=\"wp-block-button\"><a class=\"wp-block-button__link wp-element-button\" href=\"https:\/\/conceitoservico.com.br\/?page_id=237\">Inscrever-se<\/a><\/div>\n<\/div>\n","protected":false},"excerpt":{"rendered":"<p>A Norma Regulamentadora 34 (NR34) \u00e9 uma legisla\u00e7\u00e3o brasileira voltada para a seguran\u00e7a e sa\u00fade no trabalho na ind\u00fastria de constru\u00e7\u00e3o naval, repara\u00e7\u00e3o naval e offshore. Para quem estuda essa norma, ela oferece um entendimento profundo das medidas de seguran\u00e7a necess\u00e1rias, preven\u00e7\u00e3o de acidentes, prote\u00e7\u00e3o da sa\u00fade ocupacional, conformidade legal, melhoria da gest\u00e3o de seguran\u00e7a [&hellip;]<\/p>\n","protected":false},"author":1,"featured_media":0,"parent":0,"menu_order":0,"comment_status":"closed","ping_status":"closed","template":"","meta":{"om_disable_all_campaigns":false,"_uf_show_specific_survey":0,"_uf_disable_surveys":false,"footnotes":""},"aioseo_notices":[],"_links":{"self":[{"href":"https:\/\/conceitoservico.com.br\/index.php?rest_route=\/wp\/v2\/pages\/434"}],"collection":[{"href":"https:\/\/conceitoservico.com.br\/index.php?rest_route=\/wp\/v2\/pages"}],"about":[{"href":"https:\/\/conceitoservico.com.br\/index.php?rest_route=\/wp\/v2\/types\/page"}],"author":[{"embeddable":true,"href":"https:\/\/conceitoservico.com.br\/index.php?rest_route=\/wp\/v2\/users\/1"}],"replies":[{"embeddable":true,"href":"https:\/\/conceitoservico.com.br\/index.php?rest_route=%2Fwp%2Fv2%2Fcomments&post=434"}],"version-history":[{"count":2,"href":"https:\/\/conceitoservico.com.br\/index.php?rest_route=\/wp\/v2\/pages\/434\/revisions"}],"predecessor-version":[{"id":441,"href":"https:\/\/conceitoservico.com.br\/index.php?rest_route=\/wp\/v2\/pages\/434\/revisions\/441"}],"wp:attachment":[{"href":"https:\/\/conceitoservico.com.br\/index.php?rest_route=%2Fwp%2Fv2%2Fmedia&parent=434"}],"curies":[{"name":"wp","href":"https:\/\/api.w.org\/{rel}","templated":true}]}}